 = -13*p + 270114. What are the prime factors of p?
3, 3463
Let x = 641 + -641. Let r(d) be the first derivative of d**3/3 - 3*d**2/2 + 65*d - 2. What are the prime factors of r(x)?
5, 13
Let f = -24325 - -41502. List the prime factors of f.
89, 193
Suppose 0*b + 2*b + 2*r = 32, 5*b + 3*r - 84 = 0. What are the prime factors of (-22800)/(-72) - 3/(b/4)?
2, 79
Suppose 3*f - 2*g - 19826 = 55288, 0 = f + 5*g - 25021. List the prime factors of f.
2, 11, 569
Let d(r) = -r**3 + 24*r**2 - 21*r + 160. What are the prime factors of d(18)?
2, 863
Let r(u) = 47*u + 17. Let f be r(-5). Let o be (-2)/4*f + 2. Suppose 4*y + 5*p + 4 = o, -88 = -3*y + 4*p. List the prime factors of y.
2, 7
Suppose -j - m = 0, 4*j - 3*m + 13 + 1 = 0. Let s be (((-3)/j)/(-3))/(2/(-104)). What are the prime factors of s/8 + -3 + 622/8?
2, 3, 13
Let r(p) = -p**3 - 6*p**2 + 6*p + 1. Let w(l) = -8*l + 1. Let b be w(1). Let o be r(b). Suppose -3*j - 3*a + 48 = 0, 2 = 2*a + o. List the prime factors of j.
19
Suppose 6*s - 3*l - 19236 = 0, -16*s + 20*s - 12856 = -2*l. What are the prime factors of s?
2, 3, 5, 107
Let w = 38 - 48. Let c be (12/w)/((-6)/15). Suppose 173 = 5*m + 3*i, -c*m + 3*i = -2*m - 31. What are the prime factors of m?
2, 17
Let o = 35 - 32. Suppose g = 0, -o*l - l = -5*g - 12. List the prime factors of 162 + -6 + (0 - l - -1).
2, 7, 11
Let r(p) = -108*p + 18. Let y be r(-6). Suppose -n + 1652 = 5*v, -2*n = 2*v + n - y. List the prime factors of v.
2, 3, 5, 11
Suppose 0 = -3*h + h + n + 4, 0 = -5*h + 5*n. Suppose 3*m - m = 4, -h*o + 2274 = m. What are the prime factors of o?
2, 71
Suppose 4*x - 14 = -4*o + 18, 3*x - o - 16 = 0. Let g be 908/x*3 - 4. Suppose 3*t - g = -2*t + f, -2*f = 5*t - 450. What are the prime factors of t?
2, 3, 5
Let o(t) = -t**2 + t - 349. Let v be o(0). Let h(b) = 16*b + 179. Let z be h(-17). Let w = z - v. What are the prime factors of w?
2
Let i be (7 + -8 + -7)/(-2). Suppose -4*z - 1556 = -3*q + 614, -3*q - i*z + 2138 = 0. List the prime factors of q.
2, 359
Let z = -294 + 316. Suppose 0 = -z*a - 21*a + 55513. List the prime factors of a.
1291
Let g(z) = 2*z**3 - 79*z**2 + 69*z + 31. List the prime factors of g(39).
1201
List the prime factors of (46/184)/(24715/(-24716) + 1).
37, 167
Let m(v) = -9*v**2 - 48*v + 4. Let o be m(5). Let j = o + 1134. What are the prime factors of j?
673
Suppose 0 = 7*z - 8*z + 5*h - 20, -z = -4*h + 15. Suppose z*x = -2*y + 443, -5*y - 6*x + 1100 = -x. What are the prime factors of y?
3, 73
Suppose -4*d + 59555 = -26453. What are the prime factors of d?
2, 13, 827
What are the prime factors of 7616070/143 + (-90)/390?
3, 41, 433
Let k = 18 + -13. Suppose -487 + 102 = -k*b. Let c = b - -20. What are the prime factors of c?
97
List the prime factors of ((-822)/4 - 2)/(19/(-266)).
5, 7, 83
Let f = -161 + 166. Suppose 4*q - f*q - 1357 = -4*u, -689 = -2*u - 3*q. What are the prime factors of u?
2, 5, 17
Let f(m) = 34*m**2 + 11*m - 26. Let n be f(4). Suppose -117 = 5*u - n. What are the prime factors of u?
89
Let r be 4/10 + (-40542)/(-145). Suppose -302 = -6*v + r. List the prime factors of v.
97
Let y(b) = -3*b**3 - 166*b**2 - 7*b + 770. What are the prime factors of y(-62)?
2, 3, 241
Suppose -829*u + 637123 = 799*u - 1605*u. List the prime factors of u.
27701
Let t(y) = -6684*y + 1098. What are the prime factors of t(-3)?
2, 3, 5, 47
Let n = -27 + 30. Suppose n*l + 3*r = 6*l - 15, -6 = 2*r. Suppose -4*y + 416 = -3*c, 3*y - c - 520 = -l*y. What are the prime factors of y?
2, 13
Let w be (-13)/((-26)/(-776)) - -7. Let o = w + 2350. List the prime factors of o.
11, 179
Let g(r) = -1946*r + 88. What are the prime factors of g(-8)?
2, 19, 103
Let l be ((-84)/8)/(-7)*2. Let f = l + -6. Let h(p) = -17*p - 17. What are the prime factors of h(f)?
2, 17
Let y(x) = x**2 - 10. Let v be y(-5). Suppose -165 = v*i - 5205. What are the prime factors of i?
2, 3, 7
Let r = 4623 + 45283. List the prime factors of r.
2, 24953
Let i = 13701 - 13821. Suppose 5*t + a = -135, -3*a - 64 - 71 = 5*t. Let p = t - i. List the prime factors of p.
3, 31
Let m be (-15)/(-4) - 10/(-40). Suppose -m*u = 0, -2*l + 22 = -2*u - 422. Suppose v - l = -3*s, s = -2*v - 3 + 82. What are the prime factors of s?
73
Suppose -3*f - 2*m = 0, 3*f - 15*m = -14*m. Suppose -6*i + 7*i - 397 = f. List the prime factors of i.
397
Let r(j) = 318*j**2 + 92*j - 271. What are the prime factors of r(11)?
3, 17, 769
Let i(o) = 154*o**2 + 26*o - 21. List the prime factors of i(6).
3, 631
Let r = 174 + -98. Let b be 3 - 0 - 50*1. Let v = r + b. What are the prime factors of v?
29
List the prime factors of (-2)/(-17) - 1754628/(-1241).
2, 7, 101
Let x(f) = 9*f - 11. Let m be x(3). Suppose -6*s = -4*s + 28. Let c = m - s. List the prime factors of c.
2, 3, 5
Let h = 853 + 5128. What are the prime factors of h?
5981
Let j be ((-70)/3)/(-7)*18. Let u be 3/2 + 2*j/16. Suppose u*t - 994 - 86 = 0. List the prime factors of t.
2, 3, 5
Let h(k) = -19*k - 48. Let w be h(-13). Let x = w + -169. What are the prime factors of x?
2, 3, 5
Let u be (-26)/9 + 3 - 5585/45. What are the prime factors of -3 + (2 - u*(-3)/(-3))?
3, 41
Let l be (2 - 3349)*1*(18 - 19). Let y = -1617 + l. List the prime factors of y.
2, 5, 173
Let k(x) = -x**3 + 19*x**2 - 8*x + 16. Suppose -10*q = -40 - 90. What are the prime factors of k(q)?
2, 463
Suppose -9*f + 171335 = -101133 - 520855. List the prime factors of f.
181, 487
Let g be -4 + (-15)/25 + (-66)/(-10). Suppose -g*y = -3*y + 4. Suppose -y*s + 428 = -2*s. List the prime factors of s.
2, 107
Let y(d) = d**2 - 47*d + 72. Let k(a) = -2*a**2 + 48*a - 70. Let b(v) = 2*k(v) + 3*y(v). List the prime factors of b(-38).
2, 3, 19
Suppose 0 = 5*i - 7*i - t + 4588, 0 = 4*i + 5*t - 9188. What are the prime factors of i?
2, 3, 191
Let x(j) = -578*j - 761. List the prime factors of x(-2).
5, 79
Let t be (14/(-8) + 4)/((-3)/(-48)). Let u = t - -49. Suppose -2*j = -0*j - o - u, -3*j = -3*o - 132. What are the prime factors of j?
41
Suppose -42*w - 28*w + 8120 = 0. Let t = 55 - 3. Let d = w - t. What are the prime factors of d?
2
Suppose 4*w + 3*a - 590 = 0, -596 = -4*w + 38*a - 40*a. What are the prime factors of w?
2, 19
Let o(c) = -c**3 + 5*c**2 - 15*c + 20. Let z be o(2). Suppose -z*t + 19*t - 5933 = 0. What are the prime factors of t?
349
Suppose -39*p - 16648 = -41*p + 5*m, -4*m = -2*p + 16648. What are the prime factors of p?
2, 2081
Suppose -7*i = -6*i - 5*k - 2149, 3*k + 2159 = i. Suppose 45*h = 43*h + i. List the prime factors of h.
1087
Suppose 5*p + r = 24, p - 3*r - 4 = -4*r. Suppose -n = -p*q - 312, -q - 233 = -n + 99. List the prime factors of n.
337
Let x(l) = -l**3 - 13*l**2 - 13*l + 26. Let p be x(-14). Let v = p - -20. What are the prime factors of v?
2, 53
Let q = -39 - -53. Suppose -13*j - 271 = -q*j. Let m = 383 - j. List the prime factors of m.
2, 7
Let l = 49 - 46. Let a be 1/(2*l/54). List the prime factors of (-5)/(-5) + -3 + a.
7
What are the prime factors of ((-1792)/(-21) - (-9)/(-27))*4?
2, 5, 17
Let z = -362 + 377. Suppose -2*g - 1101 = -3*b, -z*g = -2*b - 16*g + 741. What are the prime factors of b?
3, 41
Let j(z) = -2*z + 36. Let l be j(-19). Let t = 131 - l. What are the prime factors of t?
3, 19
List the prime factors of (27635 - 8)*(-16)/(-48).
9209
Let y(c) = c**2 + 17*c - 115. Suppose -2*w - 2*i + 32 = -0*w, 5*w = -4*i + 83. What are the prime factors of y(w)?
569
Let u(s) = -4*s**3 + 3*s**2 + 17*s + 77. Let r be u(-9). Suppose -15*z + r = -8377. List the prime factors of z.
2, 191
Suppose -3*i - 5*o = -1246, 3*o - 156 = -i + 254. Let a = i + -259. What are the prime factors of a?
163
Let n be (4 - -158)*(-2 - 15/(-6)). Let b = n - -161. List the prime factors of b.
2, 11
Let g be -2*(-2 + 1/(-2 + 0)). Let x be (-2577)/(-5) - -7 - (-3)/g. Suppose 0 = 9*s - x - 152. List the prime factors of s.
3, 5
Let d(v) = -82*v + 7533. What are the prime factors of d(6)?
3, 2347
Let d(y) = -y**2 + 14*y - 36. Let b be d(4). Suppose -1364 = b*i - 3732. What are the prime factors of i?
2, 37
Suppose 0 = 2*p - 2, 5*v - 5*p - 14 = 6. Suppose 5*j - v = -2*r + 5, 0 = -4*r - j + 20. Suppose -r*s + 440 = -0*s. List the prime factors of s.
2, 11
What are the prime factors of (13 + (-108711)/108)*-12?
11923
Suppose -2*g + 7*g - 3545 = 0. Suppose -3*f - 3